1, 337, 208463
What are the prime factors of 5186594219?
5186594219
What are the prime factors of 508405901?
191, 1117, 2383
List the prime factors of 1309275118.
2, 37, 17692907
What are the prime factors of 98249521?
98249521
List the prime factors of 632947693.
7, 59, 107, 14323
What are the prime factors of 316269993?
3, 13, 907, 8941
List the prime factors of 1507355644.
2, 1283, 293717
What are the prime factors of 1558265937?
3, 519421979
What are the prime factors of 120757912?
2, 11, 23, 59663
List the prime factors of 2921160422.
2, 17, 3331, 25793
What are the prime factors of 2969770?
2, 5, 131, 2267
List the prime factors of 243058745.
5, 48611749
List the prime factors of 573812354.
2, 37, 181, 42841
List the prime factors of 203059763.
3797, 53479
List the prime factors of 19572363.
3, 1303, 1669
What are the prime factors of 326140174?
2, 9967, 16361
What are the prime factors of 63889610?
2, 5, 29, 151, 1459
What are the prime factors of 81116131?
8329, 9739
What are the prime factors of 4571801561?
15149, 301789
What are the prime factors of 46843910?
2, 5, 4684391
What are the prime factors of 150638227?
79, 809, 2357
What are the prime factors of 6701141831?
6701141831
What are the prime factors of 471469085?
5, 127, 193, 3847
List the prime factors of 1445722305.
3, 5, 96381487
List the prime factors of 121827784.
2, 13, 1171421
List the prime factors of 741957026.
2, 370978513
List the prime factors of 808422149.
641, 983, 1283
What are the prime factors of 34488929?
47, 733807
List the prime factors of 7709824.
2, 29, 31, 67
What are the prime factors of 5080086982?
2, 17, 149414323
List the prime factors of 433670147.
29, 14954143
List the prime factors of 1787731291.
1553, 1151147
List the prime factors of 954620319.
3, 89, 3575357
List the prime factors of 356819151.
3, 13, 859, 10651
What are the prime factors of 803728124?
2, 200932031
List the prime factors of 74300746.
2, 13, 2857721
What are the prime factors of 468249202?
2, 3637, 64373
List the prime factors of 46747645.
5, 7, 1335647
What are the prime factors of 989565940?
2, 5, 11, 4498027
What are the prime factors of 3434812?
2, 457, 1879
What are the prime factors of 119886750?
2, 3, 5, 17761
List the prime factors of 55410928.
2, 3463183
List the prime factors of 145395720.
2, 3, 5, 403877
What are the prime factors of 509820376?
2, 13, 271, 18089
What are the prime factors of 53885462?
2, 379, 71089
List the prime factors of 1396659107.
23, 60724309
List the prime factors of 2836556249.
2836556249
List the prime factors of 1532494302.
2, 3, 255415717
List the prime factors of 228767068.
2, 19, 3010093
What are the prime factors of 256439728?
2, 149, 263, 409
List the prime factors of 430409679.
3, 7, 19, 73, 2111
List the prime factors of 490444618.
2, 245222309
What are the prime factors of 82434765?
3, 5, 7, 785093
List the prime factors of 1433875617.
3, 159319513
What are the prime factors of 1572197423?
47, 73, 503, 911
List the prime factors of 646190339.
646190339
What are the prime factors of 45896173?
1811, 25343
What are the prime factors of 82421371?
82421371
List the prime factors of 689083561.
433, 1591417
List the prime factors of 83647753.
7, 243871
List the prime factors of 68025941.
68025941
List the prime factors of 83873745.
3, 5, 331, 1877
List the prime factors of 977747548.
2, 244436887
List the prime factors of 24117629.
24117629
List the prime factors of 470578941.
3, 7, 7469507
List the prime factors of 333389230.
2, 5, 349, 95527
What are the prime factors of 2604893?
17, 67, 2287
List the prime factors of 28401986.
2, 14200993
What are the prime factors of 74878766?
2, 887, 42209
List the prime factors of 212794580.
2, 5, 10639729
What are the prime factors of 68033579?
68033579
List the prime factors of 156427407.
3, 509, 34147
What are the prime factors of 69045771?
3, 23015257
What are the prime factors of 33535282?
2, 11, 277, 5503
List the prime factors of 436852260.
2, 3, 5, 13, 186689
List the prime factors of 3920933898.
2, 3, 7, 19, 545939
What are the prime factors of 5439495738?
2, 3, 906582623
List the prime factors of 1821142798.
2, 910571399
List the prime factors of 95885552.
2, 7, 19, 41, 157
List the prime factors of 3768940986.
2, 3, 628156831
List the prime factors of 130142977.
3547, 36691
What are the prime factors of 452718431?
11, 41156221
What are the prime factors of 3958373?
3958373
List the prime factors of 29892114.
2, 3, 7, 59, 4021
What are the prime factors of 37691973?
3, 11, 59, 239
What are the prime factors of 25048464?
2, 3, 7, 127, 587
List the prime factors of 62315319.
3, 11, 17, 113, 983
What are the prime factors of 563138801?
103, 5467367
What are the prime factors of 48485783?
1051, 46133
What are the prime factors of 65950454?
2, 31, 359, 2963
List the prime factors of 1624629.
3, 541543
What are the prime factors of 702697861?
702697861
List the prime factors of 8924738754.
2, 3, 1487456459
List the prime factors of 5642763031.
53, 3391, 31397
What are the prime factors of 268709846?
2, 134354923
List the prime factors of 3283419306.
2, 3, 61, 8971091
What are the prime factors of 2823423525?
3, 5, 13, 181, 5333
What are the prime factors of 19953058?
2, 9976529
List the prime factors of 44748789.
3, 14916263
What are the prime factors of 66397744?
2, 7, 84691
List the prime factors of 203540558.
2, 13, 17, 35423
What are the prime factors of 2074007368?
2, 259250921
What are the prime factors of 218923182?
2, 3, 1697, 2389
List the prime factors of 50528082.
2, 3, 11, 765577
What are the prime factors of 273774382?
2, 7, 19, 23, 73, 613
What are the prime factors of 38866936?
2, 457, 10631
What are the prime factors of 170408596?
2, 42602149
List the prime factors of 859891015.
5, 113, 163, 9337
What are the prime factors of 59210938?
2, 29605469
What are the prime factors of 2155297176?
2, 3, 101, 311, 953
List the prime factors of 309538777.
309538777
What are the prime factors of 4144026001?
4144026001
What are the prime factors of 313819866?
2, 3, 23, 37, 6829
What are the prime factors of 748393867?
13, 53, 1086203
What are the prime factors of 80689316?
2, 20172329
What are the prime factors of 1917643145?
5, 11, 34866239
What are the prime factors of 970259939?
11, 1433, 61553
What are the prime factors of 932242199?
7, 31, 61, 10061
List the prime factors of 89493338.
2, 11, 17, 239287
What are the prime factors of 1383837308?
2, 7, 97, 509513
List the prime factors of 696184393.
251, 1367, 2029
List the prime factors of 227837444.
2, 56959361
List the prime factors of 2550226104.
2, 3, 35419807
List the prime factors of 1745554517.
7, 13477, 18503
List the prime factors of 24403134.
2, 3, 7, 479, 1213
List the prime factors of 87778570.
2, 5, 11, 797987
List the prime factors of 463659615.
3, 5, 17, 606091
What are the prime factors of 106894940?
2, 5, 613, 8719
List the prime factors of 43344795.
3, 5, 13, 19, 11699
What are the prime factors of 95107377?
3, 3391, 9349
What are the prime factors of 120361909?
89, 337, 4013
List the prime factors of 3230869479.
3, 4021, 267833
List the prime factors of 175560531.
3, 4943, 11839
List the prime factors of 14404071.
3, 11, 19, 22973
List the prime factors of 1261653.
3, 420551
List the prime factors of 3964296468.
2, 3, 11, 23, 67, 19489
List the prime factors of 25814065.
5, 19, 281, 967
What are the prime factors of 5617186271?
109, 977, 52747
List the prime factors of 800811881.
800811881
What are the prime factors of 1985745288?
2, 3, 1283, 64489
List the prime factors of 123046133.
7, 521, 33739
List the prime factors of 7294187.
41, 177907
List the prime factors of 610324739.
7687, 79397
List the prime factors of 29096615.
5, 37, 157279
What are the prime factors of 218872556?
2, 7, 7816877
List the prime factors of 984986659.
984986659
What are the prime factors of 147733996?
2, 36933499
List the prime factors of 16735578.
2, 3, 2789263
What are the prime factors of 877348359?
3, 17, 293, 19571
What are the prime factors of 2230717800?
2, 3, 5, 19, 195677
What are the prime factors of 150738463?
150738463
List the prime factors of 32999529.
3, 10999843
List the prime factors of 5851466.
2, 2925733
List the prime f